What is the remainder when (37683/(-212))/((-3)/(-9) - (-14)/(-24)) is divided by 149?
115
Suppose -7 = -3*f + 2*f. Suppose -1207*z + 1279*z - 360 = 0. What is the remainder when f is divided by z?
2
Let g = -1428 + 1619. Calculate the remainder when g is divided by 4.
3
Suppose 2*t + 8 = 3*t. Let h be 8*t + -19 + 15. Let v = -19 + h. Calculate the remainder when 163 is divided by v.
40
Let w(k) = 8*k**2 - 5*k - 7. Suppose -2*o - 2*o = 8. Calculate the remainder when 244 is divided by w(o).
34
Let j(w) = 11*w**3 - w**2 + 2*w. Let m be 26*(-6 - (-7 + -4)). Let y = -117 + m. What is the remainder when j(2) is divided by y?
10
Let c(o) = 505*o - 76046. What is the remainder when c(151) is divided by ((-56)/(-6))/(1/3)?
13
Calculate the remainder when 232 + (20 + -9 - 8) is divided by 228.
7
Let x be -2*1/4*-438. Let l = -211 - -209. What is the remainder when 48 is divided by (l - (-28)/13) + x/13?
14
Let o be -20*1*(-11)/2. Suppose -3*y = -4*t + o - 22, 0 = 2*y. What is the remainder when 57 is divided by t?
13
Let g = -7 + 137. Suppose -g = -8*l + 3*l. Calculate the remainder when ((-5)/(-2))/(-3 + l/8) is divided by 4.
2
Let c(g) = g**3 - 74*g**2 - 101*g + 159. What is the remainder when c(76) is divided by 47?
40
Let b = -5563 - -6590. What is the remainder when b is divided by 69?
61
Suppose 5*y + 3*a - 4433 = 0, y - 4*a - 584 - 275 = 0. Calculate the remainder when 896 is divided by y.
13
Suppose 0 = -33*x + 77*x - 21*x - 1518. Calculate the remainder when 540 is divided by x.
12
Let f(u) = 4*u**2 - 210*u - 182. What is the remainder when f(54) is divided by 22?
10
Let m(h) = -h - 3. Let d be m(-5). Let n = d + 0. What is the remainder when (8/(-10))/(2/25)*-1 is divided by n?
0
Suppose 0 = 13*k + 41*k - 4456 - 8774. What is the remainder when k is divided by 60?
5
Suppose 19*a - 21*a = -58. Let o = a - -14. Suppose 72 = 4*c + 5*s, -7*c = -4*c + s - o. Calculate the remainder when 88 is divided by c.
10
Let k(l) = -2*l**3 - 2*l**2 + 6*l - 28. Let i be k(-5). Suppose -i = -4*v - 2*t, 3*t - 2*t = -v + 38. Calculate the remainder when 68 is divided by v.
2
Let j = 8 + -7. Let p be (-1)/j - (-4)/1. Suppose -5*g + 49 = 3*z, p*g - 3*z + z - 18 = 0. Calculate the remainder when g is divided by 5.
3
Let v = 348 + -196. Let m = -1241 - -1281. Calculate the remainder when v is divided by m.
32
Let s(k) = 2*k - 9. Let m be s(0). Suppose 504 = 27*t + 15*t. What is the remainder when t is divided by (-6)/m + 57/9?
5
Suppose 5*a = -5*p + 45, 3*p + p = 4*a + 28. Suppose -2*d = p, 0*q = -q - d + 62. Let x(c) = 26*c - 17. Calculate the remainder when q is divided by x(2).
31
Suppose 0 = -3*k + 6*x - 8*x + 74, 2 = -x. What is the remainder when 179 is divided by k?
23
Let r = -21 - -25. Suppose r*k - 25 = -6*c + 11*c, -5*k - c = -24. Suppose 0 = -2*v + k + 1. Calculate the remainder when 3 is divided by v.
0
Let u(a) = 25*a**3 - 5*a + 2. Let z be u(2). Suppose 4*q + 0*q - z = 0. Suppose -11*l = 4*l - 105. Calculate the remainder when q is divided by l.
6
Let z = -3390 + 3454. Calculate the remainder when 96 is divided by z.
32
Let o(z) = -5*z + 430. What is the remainder when 736 is divided by o(81)?
11
Suppose -1231*o = -1254*o + 2622. What is the remainder when 2961 is divided by o?
111
Calculate the remainder when (-1 + (-14)/(-10))/(6/540) + -3 is divided by 24.
9
Calculate the remainder when 514 is divided by (-20)/5 - -2 - -6 - (0 - 3).
3
Suppose 0 = -179*t + 831757 - 156032. What is the remainder when t is divided by 23?
3
Suppose 4*k + 3*p - 1417 = 0, -2433*p = -2431*p - 14. What is the remainder when 4185 is divided by k?
346
Suppose 2*l - 58 = 4*n, -26 = 2*l - 2*n - 86. What is the remainder when (-4)/(-10) + 403/5 is divided by l?
19
Let j = 83 + -81. Suppose 4*g + 3*u - 37 = 0, 0*g + j*u + 1 = g. Calculate the remainder when 30 is divided by g.
2
Let u be (-966)/35*(-5)/2 - 2. Suppose 4*y - 2 = 3*k - u, k - y - 21 = 0. Calculate the remainder when k is divided by 10.
9
Let r be 8/20 + 2/(-5). Suppose -2*q + r*q = -298. Let k = -317003 - -317018. Calculate the remainder when q is divided by k.
14
Let v = 1628 + -1588. Calculate the remainder when 547 is divided by v.
27
Let v(o) = 12*o + 6. Let u be v(8). Suppose -d = -534 + 624. Let s = u + d. Calculate the remainder when 23 is divided by s.
11
Let y(j) = 16*j**3 - 7*j**2 - 22*j + 38. Calculate the remainder when y(4) is divided by 10.
2
Let k(q) = 6*q**2 - 4*q + 17. Calculate the remainder when 484 is divided by k(4).
96
Suppose 3*y - 282*j + 279*j = 156, 0 = 13*y - 5*j - 652. What is the remainder when y is divided by (1 + 2/4)*6?
4
Suppose -2*f + 6*f = -4. Let k(a) = a. Let l(n) = 2*n - 2. Let o(v) = f*l(v) - 3*k(v). Calculate the remainder when 33 is divided by o(-2).
9
Suppose 82*z + 216*z = 30098. Calculate the remainder when 172 is divided by z.
71
Suppose 91*p = 49*p + 14028. What is the remainder when p is divided by 158?
18
Suppose -17*x - 208 + 1075 = 0. What is the remainder when 2447 is divided by x?
50
Let x be 14/175*80 + (-2)/5. Suppose -x*l + 724 = -2*l. What is the remainder when l is divided by 26?
25
Let x(f) = 185*f + 1130. Let q(j) = j**3 + 5*j**2 + j. Let t(b) = -b - 1. Let s(m) = q(m) - 3*t(m). Calculate the remainder when x(-6) is divided by s(-4).
2
Let k(v) = v**3 + 13*v**2 + 29*v + 20. Let a(i) = 2*i + 1. Calculate the remainder when k(-10) is divided by a(3).
2
Suppose 5*k = -20, -2*x = -0*x - 2*k - 12. Suppose 210 = x*h - 40. Let i = 131 - h. Calculate the remainder when 12 is divided by i.
0
Suppose -4*j + 1491 - 223 = 0. Let i = j + -297. Calculate the remainder when 31 is divided by i.
11
Let r(o) = -5*o**3 - 53*o**2 + 14*o + 103. Calculate the remainder when 1525 is divided by r(-11).
188
Let f(n) = 105*n**3 - 2*n - 1. Let c be f(-1). Let v = c - -192. What is the remainder when v is divided by (-62)/(-2)*(156/12 - 12)?
26
Let u be ((58/(-8))/1)/(15/60). Let f = 80 + u. Suppose 4*i - 4*m = m + 33, 0 = 4*i + m - f. Calculate the remainder when 33 is divided by i.
9
Suppose 222 = 11*m - 10*m. Let a be (12/12)/(-2 + m/110). Suppose a = -t + 3*t - 3*d, 0 = 2*t - 4*d - 60. Calculate the remainder when 77 is divided by t.
17
Let w = 22 - 14. Let r be (-32)/w - (21 + 0). What is the remainder when 77 is divided by (-4)/((-1 - -6)/r)?
17
Let c(p) = 7*p + 58. Let f be c(-8). Suppose -f*v + 7*y = 2*y - 120, 199 = 3*v + 2*y. Calculate the remainder when 257 is divided by v.
62
Let r = 67 + -4. Let x = -3667 + 3701. Calculate the remainder when r is divided by x.
29
Suppose 2*p + 5*q - 18 = 0, -62 = -4*p - 19*q + 22*q. Calculate the remainder when 44 is divided by p.
2
Suppose 0 = 9*d - 88 - 65. Let f(z) be the first derivative of -z**4/4 + 11*z**3/3 - 9*z**2/2 + 3*z - 74. What is the remainder when f(9) is divided by d?
16
Suppose 5*r - 3*m = 81, -4*m + 37 = 7*r - 4*r. Let w be (238/49 + -6)*(-14)/4. Suppose -w*a + 10 + 10 = 0. Calculate the remainder when r is divided by a.
0
Suppose 2*h - 31 - 247 = -2*j, -4*j - 159 = -h. Let r = 51 - 11. Calculate the remainder when h is divided by r.
23
Let l = 886 - 560. Calculate the remainder when l is divided by 312.
14
Let m(j) = 831*j + 7134. What is the remainder when m(-8) is divided by 5?
1
Suppose -3*u - 3*q - 231 = 0, 2*q - 25 = -u - 107. Calculate the remainder when 143 is divided by 15*(u/(-225))/((-4)/(-30)).
35
Suppose 3*m + 5*z = 270, -3*m + 3*z + 165 = -129. Let r(k) = 8*k**2 - 8*k - 16. Let c = -53 - -51. Calculate the remainder when m is divided by r(c).
31
Calculate the remainder when 155 is divided by ((-3634)/(-184))/(-1 + 3 - (-7)/(-4)).
76
Let a = -755 - -891. Calculate the remainder when 261 is divided by a.
125
Calculate the remainder when (-106)/(3 + (-69)/21)*1 is divided by 136.
99
Let r(f) = f**3 + 10*f**2 + 3*f + 29. Let a be r(-10). What is the remainder when (-30)/12*(-51 - (a + 2)) is divided by 15?
10
Suppose 11*h - 604 = 122. Calculate the remainder when 131 is divided by (-44)/h*(-56 - 1).
17
Let l(c) = c**2 + 39*c - 53. Calculate the remainder when l(-44) is divided by 104.
63
Let f = 184 - 165. Let l(h) = h**3 - 2*h**2 + h + 11. What is the remainder when l(5) is divided by f?
15
Let l(q) = 11*q - 8. Let u(b) = -19*b - 8. Let z(x) = 20*x + 7. Let d(j) = 6*u(j) + 5*z(j). What is the remainder w